{"id":1054,"date":"2024-03-28T09:09:53","date_gmt":"2024-03-28T09:09:53","guid":{"rendered":"https:\/\/asterionglobal.com\/?post_type=product&#038;p=1054"},"modified":"2024-09-07T12:58:58","modified_gmt":"2024-09-07T12:58:58","slug":"bornoz","status":"publish","type":"product","link":"https:\/\/asterionglobal.com\/?product=bornoz","title":{"rendered":"Bornoz"},"content":{"rendered":"<p>\u0130\u015fte mikrofiber kimono bornoz i\u00e7in bir a\u00e7\u0131klama:<br \/>&#8220;<strong>Ultra Hafif ve Yumu\u015fak Mikrofiber Kimono Bornoz<\/strong><br \/>L\u00fcks ve konforu bir araya getiren mikrofiber kimono bornozumuz, cildinizde ipeksi bir dokunu\u015f b\u0131rak\u0131r. Son derece hafif yap\u0131s\u0131 sayesinde h\u0131zl\u0131 kuruma \u00f6zelli\u011fi sunar ve sizi her an rahat hissettirir. Spa, evde kullan\u0131m ya da spor sonras\u0131nda m\u00fckemmel bir tercih olan bu bornoz, nefes alabilen yap\u0131s\u0131yla ferah bir kullan\u0131m sa\u011flar. \u015e\u0131k kimono kesimi, modern bir g\u00f6r\u00fcn\u00fcm katarken, v\u00fccudu nazik\u00e7e sararak m\u00fckemmel bir uyum sunar.<br \/><strong>H\u0131zl\u0131 Kuruma<\/strong><br \/><strong>Nefes Alabilen Mikrofiber Kuma\u015f<\/strong><br \/><strong>Hafif ve Yumu\u015fak Doku<\/strong><br \/><strong>Modern Kimono Kesimi<\/strong><br \/>Hem \u015f\u0131kl\u0131k hem de rahatl\u0131k arayanlar i\u00e7in ideal!&#8221;<\/p>\n","protected":false},"excerpt":{"rendered":"<p>\u0130\u015fte mikrofiber kimono bornoz i\u00e7in bir a\u00e7\u0131klama:&#8220;Ultra Hafif ve Yumu\u015fak Mikrofiber Kimono BornozL\u00fcks ve konforu bir araya getiren mikrofiber kimono bornozumuz, cildinizde ipeksi bir dokunu\u015f b\u0131rak\u0131r. Son derece hafif yap\u0131s\u0131 sayesinde h\u0131zl\u0131 kuruma \u00f6zelli\u011fi sunar ve sizi her an rahat hissettirir. Spa, evde kullan\u0131m ya da spor sonras\u0131nda m\u00fckemmel bir tercih olan bu bornoz, nefes [&hellip;]<\/p>\n","protected":false},"featured_media":1057,"comment_status":"open","ping_status":"closed","template":"","meta":[],"product_brand":[],"product_cat":[72,19],"product_tag":[],"class_list":{"0":"post-1054","1":"product","2":"type-product","3":"status-publish","4":"has-post-thumbnail","6":"product_cat-bornoz","7":"product_cat-uncategorized","9":"first","10":"instock","11":"taxable","12":"shipping-taxable","13":"purchasable","14":"product-type-variable","15":"has-default-attributes"},"_links":{"self":[{"href":"https:\/\/asterionglobal.com\/index.php?rest_route=\/wp\/v2\/product\/1054","targetHints":{"allow":["GET"]}}],"collection":[{"href":"https:\/\/asterionglobal.com\/index.php?rest_route=\/wp\/v2\/product"}],"about":[{"href":"https:\/\/asterionglobal.com\/index.php?rest_route=\/wp\/v2\/types\/product"}],"replies":[{"embeddable":true,"href":"https:\/\/asterionglobal.com\/index.php?rest_route=%2Fwp%2Fv2%2Fcomments&post=1054"}],"wp:featuredmedia":[{"embeddable":true,"href":"https:\/\/asterionglobal.com\/index.php?rest_route=\/wp\/v2\/media\/1057"}],"wp:attachment":[{"href":"https:\/\/asterionglobal.com\/index.php?rest_route=%2Fwp%2Fv2%2Fmedia&parent=1054"}],"wp:term":[{"taxonomy":"product_brand","embeddable":true,"href":"https:\/\/asterionglobal.com\/index.php?rest_route=%2Fwp%2Fv2%2Fproduct_brand&post=1054"},{"taxonomy":"product_cat","embeddable":true,"href":"https:\/\/asterionglobal.com\/index.php?rest_route=%2Fwp%2Fv2%2Fproduct_cat&post=1054"},{"taxonomy":"product_tag","embeddable":true,"href":"https:\/\/asterionglobal.com\/index.php?rest_route=%2Fwp%2Fv2%2Fproduct_tag&post=1054"}],"curies":[{"name":"wp","href":"https:\/\/api.w.org\/{rel}","templated":true}]}}