{"id":953,"date":"2024-03-04T05:40:28","date_gmt":"2024-03-04T05:40:28","guid":{"rendered":"https:\/\/asterionglobal.com\/?page_id=953"},"modified":"2024-03-04T06:17:45","modified_gmt":"2024-03-04T06:17:45","slug":"surdurulebilirlik","status":"publish","type":"page","link":"https:\/\/asterionglobal.com\/?page_id=953","title":{"rendered":"S\u00fcrd\u00fcr\u00fclebilirlik"},"content":{"rendered":"\t\t<div data-elementor-type=\"wp-page\" data-elementor-id=\"953\" class=\"elementor elementor-953\" data-elementor-post-type=\"page\">\n\t\t\t\t<div class=\"elementor-element elementor-element-ae32114 e-flex e-con-boxed e-con e-parent\" data-id=\"ae32114\" data-element_type=\"container\" data-e-type=\"container\" data-settings=\"{&quot;background_background&quot;:&quot;classic&quot;}\">\n\t\t\t\t\t<div class=\"e-con-inner\">\n\t\t\t\t<div class=\"elementor-element elementor-element-34a73b4 elementor-widget elementor-widget-heading\" data-id=\"34a73b4\" data-element_type=\"widget\" data-e-type=\"widget\" data-widget_type=\"heading.default\">\n\t\t\t\t<div class=\"elementor-widget-container\">\n\t\t\t\t\t<h2 class=\"elementor-heading-title elementor-size-default\">S\u00fcrd\u00fcr\u00fclebilirlik<\/h2>\t\t\t\t<\/div>\n\t\t\t\t<\/div>\n\t\t\t\t<div class=\"elementor-element elementor-element-ca936fe elementor-widget elementor-widget-woocommerce-breadcrumb\" data-id=\"ca936fe\" data-element_type=\"widget\" data-e-type=\"widget\" data-widget_type=\"woocommerce-breadcrumb.default\">\n\t\t\t\t<div class=\"elementor-widget-container\">\n\t\t\t\t\t<nav class=\"woocommerce-breadcrumb\" aria-label=\"Breadcrumb\">Ana Sayfa<\/nav>\t\t\t\t<\/div>\n\t\t\t\t<\/div>\n\t\t\t\t\t<\/div>\n\t\t\t\t<\/div>\n\t\t<div class=\"elementor-element elementor-element-d11da3c e-flex e-con-boxed e-con e-parent\" data-id=\"d11da3c\" data-element_type=\"container\" data-e-type=\"container\">\n\t\t\t\t\t<div class=\"e-con-inner\">\n\t\t<div class=\"elementor-element elementor-element-c6b56af e-con-full e-flex e-con e-child\" data-id=\"c6b56af\" data-element_type=\"container\" data-e-type=\"container\" data-settings=\"{&quot;background_background&quot;:&quot;classic&quot;}\">\n\t\t\t\t<div class=\"elementor-element elementor-element-01bcce3 elementor-widget elementor-widget-spacer\" data-id=\"01bcce3\" data-element_type=\"widget\" data-e-type=\"widget\" data-widget_type=\"spacer.default\">\n\t\t\t\t<div class=\"elementor-widget-container\">\n\t\t\t\t\t\t\t<div class=\"elementor-spacer\">\n\t\t\t<div class=\"elementor-spacer-inner\"><\/div>\n\t\t<\/div>\n\t\t\t\t\t\t<\/div>\n\t\t\t\t<\/div>\n\t\t\t\t<\/div>\n\t\t<div class=\"elementor-element elementor-element-254eedb e-con-full e-flex e-con e-child\" data-id=\"254eedb\" data-element_type=\"container\" data-e-type=\"container\">\n\t\t\t\t<div class=\"elementor-element elementor-element-28c2517 elementor-widget elementor-widget-heading\" data-id=\"28c2517\" data-element_type=\"widget\" data-e-type=\"widget\" data-widget_type=\"heading.default\">\n\t\t\t\t<div class=\"elementor-widget-container\">\n\t\t\t\t\t<h2 class=\"elementor-heading-title elementor-size-default\">S\u00fcrd\u00fcr\u00fclebilir Gelece\u011fe Katk\u0131m\u0131z:<\/h2>\t\t\t\t<\/div>\n\t\t\t\t<\/div>\n\t\t\t\t<div class=\"elementor-element elementor-element-85937f8 elementor-widget elementor-widget-heading\" data-id=\"85937f8\" data-element_type=\"widget\" data-e-type=\"widget\" data-widget_type=\"heading.default\">\n\t\t\t\t<div class=\"elementor-widget-container\">\n\t\t\t\t\t<h2 class=\"elementor-heading-title elementor-size-default\">Mikrofilament \u00dcr\u00fcnler<\/h2>\t\t\t\t<\/div>\n\t\t\t\t<\/div>\n\t\t\t\t<div class=\"elementor-element elementor-element-ccb92de elementor-widget elementor-widget-text-editor\" data-id=\"ccb92de\" data-element_type=\"widget\" data-e-type=\"widget\" data-widget_type=\"text-editor.default\">\n\t\t\t\t<div class=\"elementor-widget-container\">\n\t\t\t\t\t\t\t\t\t<p>D\u00fcnya genelinde s\u00fcrd\u00fcr\u00fclebilirlik, art\u0131k sadece bir tercih de\u011fil, zorunluluk haline gelmi\u015ftir. Mikrofilament \u00fcr\u00fcnler \u00fcreticisi olarak, bu de\u011fi\u015fimin \u00f6n saflar\u0131nda yer al\u0131yor ve end\u00fcstriyel s\u00fcre\u00e7lerimizde \u00e7evresel etkileri minimize ederek \u00f6nemli bir rol \u00fcstleniyoruz. Yenilik\u00e7i \u00fcretim tekniklerimiz ve s\u00fcrd\u00fcr\u00fclebilir kaynak kullan\u0131m\u0131m\u0131zla, sekt\u00f6r\u00fcm\u00fczde \u00e7evresel bilinci art\u0131r\u0131yor ve gelecek nesillere daha ya\u015fanabilir bir d\u00fcnya b\u0131rakma hedefimize her g\u00fcn bir ad\u0131m daha yakla\u015f\u0131yoruz.<\/p>\t\t\t\t\t\t\t\t<\/div>\n\t\t\t\t<\/div>\n\t\t\t\t<\/div>\n\t\t\t\t\t<\/div>\n\t\t\t\t<\/div>\n\t\t<div class=\"elementor-element elementor-element-176f8bf e-flex e-con-boxed e-con e-parent\" data-id=\"176f8bf\" data-element_type=\"container\" data-e-type=\"container\">\n\t\t\t\t\t<div class=\"e-con-inner\">\n\t\t<div class=\"elementor-element elementor-element-880e028 e-con-full e-flex e-con e-child\" data-id=\"880e028\" data-element_type=\"container\" data-e-type=\"container\">\n\t\t\t\t<div class=\"elementor-element elementor-element-ca20218 elementor-widget elementor-widget-heading\" data-id=\"ca20218\" data-element_type=\"widget\" data-e-type=\"widget\" data-widget_type=\"heading.default\">\n\t\t\t\t<div class=\"elementor-widget-container\">\n\t\t\t\t\t<h2 class=\"elementor-heading-title elementor-size-default\">S\u00fcrd\u00fcr\u00fclebilir \u00dcretim Pratiklerimiz<\/h2>\t\t\t\t<\/div>\n\t\t\t\t<\/div>\n\t\t\t\t<div class=\"elementor-element elementor-element-f2a91ef elementor-widget elementor-widget-text-editor\" data-id=\"f2a91ef\" data-element_type=\"widget\" data-e-type=\"widget\" data-widget_type=\"text-editor.default\">\n\t\t\t\t<div class=\"elementor-widget-container\">\n\t\t\t\t\t\t\t\t\t<p>Fabrikalar\u0131m\u0131zda uygulad\u0131\u011f\u0131m\u0131z enerji ve su tasarrufu tedbirleri, at\u0131k y\u00f6netimi stratejileri ve uluslararas\u0131 sertifikalara uygunluk, s\u00fcrd\u00fcr\u00fclebilir \u00fcretim yolculu\u011fumuzun temel ta\u015flar\u0131n\u0131 olu\u015fturur. Enerji verimlili\u011fine y\u00f6nelik yat\u0131r\u0131mlar\u0131m\u0131z, su tasarrufu sa\u011flayan teknolojilerimiz ve at\u0131klar\u0131n geri d\u00f6n\u00fc\u015f\u00fcm\u00fcne odaklanmam\u0131z, do\u011faya olan sayg\u0131m\u0131z\u0131n ve sorumlulu\u011fumuzun bir g\u00f6stergesidir.<\/p>\t\t\t\t\t\t\t\t<\/div>\n\t\t\t\t<\/div>\n\t\t\t\t<\/div>\n\t\t<div class=\"elementor-element elementor-element-c8fc3e0 e-con-full e-flex e-con e-child\" data-id=\"c8fc3e0\" data-element_type=\"container\" data-e-type=\"container\" data-settings=\"{&quot;background_background&quot;:&quot;classic&quot;}\">\n\t\t\t\t<div class=\"elementor-element elementor-element-04ed81b elementor-widget elementor-widget-spacer\" data-id=\"04ed81b\" data-element_type=\"widget\" data-e-type=\"widget\" data-widget_type=\"spacer.default\">\n\t\t\t\t<div class=\"elementor-widget-container\">\n\t\t\t\t\t\t\t<div class=\"elementor-spacer\">\n\t\t\t<div class=\"elementor-spacer-inner\"><\/div>\n\t\t<\/div>\n\t\t\t\t\t\t<\/div>\n\t\t\t\t<\/div>\n\t\t\t\t<\/div>\n\t\t\t\t\t<\/div>\n\t\t\t\t<\/div>\n\t\t<div class=\"elementor-element elementor-element-d03ce50 e-flex e-con-boxed e-con e-parent\" data-id=\"d03ce50\" data-element_type=\"container\" data-e-type=\"container\" data-settings=\"{&quot;background_background&quot;:&quot;classic&quot;}\">\n\t\t\t\t\t<div class=\"e-con-inner\">\n\t\t<div class=\"elementor-element elementor-element-f85c2f5 e-con-full e-flex e-con e-child\" data-id=\"f85c2f5\" data-element_type=\"container\" data-e-type=\"container\">\n\t\t\t\t<div class=\"elementor-element elementor-element-b66b10b elementor-widget elementor-widget-heading\" data-id=\"b66b10b\" data-element_type=\"widget\" data-e-type=\"widget\" data-widget_type=\"heading.default\">\n\t\t\t\t<div class=\"elementor-widget-container\">\n\t\t\t\t\t<h2 class=\"elementor-heading-title elementor-size-default\">Ekoloji ve Toplum ile Uyum \u0130\u00e7inde<\/h2>\t\t\t\t<\/div>\n\t\t\t\t<\/div>\n\t\t\t\t<div class=\"elementor-element elementor-element-8483e33 elementor-widget elementor-widget-text-editor\" data-id=\"8483e33\" data-element_type=\"widget\" data-e-type=\"widget\" data-widget_type=\"text-editor.default\">\n\t\t\t\t<div class=\"elementor-widget-container\">\n\t\t\t\t\t\t\t\t\t<p>Asterion Global olarak, end\u00fcstriyel faaliyetlerimizin ekosistem \u00fczerindeki etkisini azaltmak ve toplumsal refah\u0131 art\u0131rmak i\u00e7in d\u00f6rt temel ilkeyi benimsiyoruz<\/p>\t\t\t\t\t\t\t\t<\/div>\n\t\t\t\t<\/div>\n\t\t\t\t<\/div>\n\t\t<div class=\"elementor-element elementor-element-ec96f2b e-con-full e-flex e-con e-child\" data-id=\"ec96f2b\" data-element_type=\"container\" data-e-type=\"container\">\n\t\t<div class=\"elementor-element elementor-element-dd4fee2 e-con-full e-flex e-con e-child\" data-id=\"dd4fee2\" data-element_type=\"container\" data-e-type=\"container\">\n\t\t\t\t<div class=\"elementor-element elementor-element-8660021 elementor-widget elementor-widget-image-box\" data-id=\"8660021\" data-element_type=\"widget\" data-e-type=\"widget\" data-widget_type=\"image-box.default\">\n\t\t\t\t<div class=\"elementor-widget-container\">\n\t\t\t\t\t<div class=\"elementor-image-box-wrapper\"><div class=\"elementor-image-box-content\"><h3 class=\"elementor-image-box-title\">Enerji ve Su Tasarrufu<\/h3><p class=\"elementor-image-box-description\">Enerji verimlili\u011fine y\u00f6nelik yat\u0131r\u0131mlar\u0131m\u0131z ve su tasarrufu sa\u011flayan teknolojilerimizle, kaynak kullan\u0131m\u0131m\u0131z\u0131 optimize ediyor ve \u00e7evresel ayak izimizi azalt\u0131yoruz. Yenilenebilir enerji kaynaklar\u0131na ge\u00e7i\u015f yaparak ve su yeniden kullan\u0131m sistemlerimizi geli\u015ftirerek s\u00fcrd\u00fcr\u00fclebilir \u00fcretim hedeflerimize ula\u015f\u0131yoruz.<\/p><\/div><\/div>\t\t\t\t<\/div>\n\t\t\t\t<\/div>\n\t\t\t\t<\/div>\n\t\t<div class=\"elementor-element elementor-element-8cac8cb e-con-full e-flex e-con e-child\" data-id=\"8cac8cb\" data-element_type=\"container\" data-e-type=\"container\">\n\t\t\t\t<div class=\"elementor-element elementor-element-64f3c7f elementor-widget elementor-widget-image-box\" data-id=\"64f3c7f\" data-element_type=\"widget\" data-e-type=\"widget\" data-widget_type=\"image-box.default\">\n\t\t\t\t<div class=\"elementor-widget-container\">\n\t\t\t\t\t<div class=\"elementor-image-box-wrapper\"><div class=\"elementor-image-box-content\"><h3 class=\"elementor-image-box-title\">At\u0131k Y\u00f6netimi<\/h3><p class=\"elementor-image-box-description\">\u00dcretim s\u00fcrecimizde olu\u015fan at\u0131klar\u0131 minimize etmek ve m\u00fcmk\u00fcn olan yerlerde geri d\u00f6n\u00fc\u015f\u00fcm\u00fc sa\u011flamak i\u00e7in s\u00fcrekli \u00e7al\u0131\u015f\u0131yoruz. At\u0131k y\u00f6netimi stratejilerimiz, \u00e7evreye zarar vermeden \u00fcretim yapma taahh\u00fcd\u00fcm\u00fcz\u00fcn bir par\u00e7as\u0131.\n<\/p><\/div><\/div>\t\t\t\t<\/div>\n\t\t\t\t<\/div>\n\t\t\t\t<\/div>\n\t\t<div class=\"elementor-element elementor-element-23d569e e-con-full e-flex e-con e-child\" data-id=\"23d569e\" data-element_type=\"container\" data-e-type=\"container\">\n\t\t\t\t<div class=\"elementor-element elementor-element-4ba98f5 elementor-widget elementor-widget-image-box\" data-id=\"4ba98f5\" data-element_type=\"widget\" data-e-type=\"widget\" data-widget_type=\"image-box.default\">\n\t\t\t\t<div class=\"elementor-widget-container\">\n\t\t\t\t\t<div class=\"elementor-image-box-wrapper\"><div class=\"elementor-image-box-content\"><h3 class=\"elementor-image-box-title\">Sertifikalar ve Standartlar<\/h3><p class=\"elementor-image-box-description\">S\u00fcrd\u00fcr\u00fclebilirlik taahh\u00fctlerimizi destekleyen uluslararas\u0131 sertifikalara ve standartlara sahibiz. Bu sertifikalar, \u00fcretim s\u00fcre\u00e7lerimizin ve \u00fcr\u00fcnlerimizin \u00e7evresel ve sosyal s\u00fcrd\u00fcr\u00fclebilirlik a\u00e7\u0131s\u0131ndan en y\u00fcksek standartlara uygun oldu\u011funun kan\u0131t\u0131d\u0131r.\n<\/p><\/div><\/div>\t\t\t\t<\/div>\n\t\t\t\t<\/div>\n\t\t\t\t<\/div>\n\t\t<div class=\"elementor-element elementor-element-1d885aa e-con-full e-flex e-con e-child\" data-id=\"1d885aa\" data-element_type=\"container\" data-e-type=\"container\">\n\t\t\t\t<div class=\"elementor-element elementor-element-2d3743c elementor-widget elementor-widget-image-box\" data-id=\"2d3743c\" data-element_type=\"widget\" data-e-type=\"widget\" data-widget_type=\"image-box.default\">\n\t\t\t\t<div class=\"elementor-widget-container\">\n\t\t\t\t\t<div class=\"elementor-image-box-wrapper\"><div class=\"elementor-image-box-content\"><h3 class=\"elementor-image-box-title\">Sosyal Sorumluluk<\/h3><p class=\"elementor-image-box-description\">Topluma ve \u00e7evreye kar\u015f\u0131 sorumluluklar\u0131m\u0131z\u0131 ciddiye al\u0131yoruz. \u00c7al\u0131\u015fanlar\u0131m\u0131z\u0131n ve topluluklar\u0131n refah\u0131n\u0131 iyile\u015ftirmeye y\u00f6nelik projeler geli\u015ftiriyor ve destekliyoruz. \u015eirket olarak, sadece ekonomik de\u011fil, ayn\u0131 zamanda sosyal ve \u00e7evresel de\u011fer de yaratmay\u0131 ama\u00e7l\u0131yoruz.<\/p><\/div><\/div>\t\t\t\t<\/div>\n\t\t\t\t<\/div>\n\t\t\t\t<\/div>\n\t\t\t\t<\/div>\n\t\t\t\t\t<\/div>\n\t\t\t\t<\/div>\n\t\t<div class=\"elementor-element elementor-element-a838e2f e-flex e-con-boxed e-con e-parent\" data-id=\"a838e2f\" data-element_type=\"container\" data-e-type=\"container\">\n\t\t\t\t\t<div class=\"e-con-inner\">\n\t\t<div class=\"elementor-element elementor-element-0ec3906 e-con-full e-flex e-con e-child\" data-id=\"0ec3906\" data-element_type=\"container\" data-e-type=\"container\" data-settings=\"{&quot;background_background&quot;:&quot;classic&quot;}\">\n\t\t\t\t<div class=\"elementor-element elementor-element-9100e31 elementor-widget elementor-widget-spacer\" data-id=\"9100e31\" data-element_type=\"widget\" data-e-type=\"widget\" data-widget_type=\"spacer.default\">\n\t\t\t\t<div class=\"elementor-widget-container\">\n\t\t\t\t\t\t\t<div class=\"elementor-spacer\">\n\t\t\t<div class=\"elementor-spacer-inner\"><\/div>\n\t\t<\/div>\n\t\t\t\t\t\t<\/div>\n\t\t\t\t<\/div>\n\t\t\t\t<\/div>\n\t\t<div class=\"elementor-element elementor-element-e648beb e-con-full e-flex e-con e-child\" data-id=\"e648beb\" data-element_type=\"container\" data-e-type=\"container\">\n\t\t\t\t<div class=\"elementor-element elementor-element-ae11ca8 elementor-widget elementor-widget-text-editor\" data-id=\"ae11ca8\" data-element_type=\"widget\" data-e-type=\"widget\" data-widget_type=\"text-editor.default\">\n\t\t\t\t<div class=\"elementor-widget-container\">\n\t\t\t\t\t\t\t\t\t<h3>Gelece\u011fe Y\u00f6nelik Taahh\u00fctlerimiz<\/h3><p>Sosyal sorumluluk projelerimizle toplumun refah\u0131n\u0131 art\u0131rmay\u0131 hedeflerken, karbon ayak izimizi azaltma, yenilenebilir enerji kullan\u0131m\u0131n\u0131 art\u0131rma ve s\u00fcrd\u00fcr\u00fclebilir materyal kullan\u0131m\u0131n\u0131 geni\u015fletme gibi gelece\u011fe y\u00f6nelik somut hedefler belirliyoruz. S\u00fcrd\u00fcr\u00fclebilirlik yolculu\u011fumuzda bize kat\u0131lmak isteyen herkesi, sorular\u0131n\u0131 sormak ve geri bildirimlerini payla\u015fmak \u00fczere bize ula\u015fmaya davet ediyoruz.<\/p><p>Bu \u015fekilde, Asterion Global olarak s\u00fcrd\u00fcr\u00fclebilirlik alan\u0131ndaki taahh\u00fctlerimizi somut ad\u0131mlarla ilerletiyor ve sekt\u00f6r\u00fcm\u00fczde \u00f6nc\u00fc bir rol oynuyoruz.<\/p>\t\t\t\t\t\t\t\t<\/div>\n\t\t\t\t<\/div>\n\t\t\t\t<\/div>\n\t\t\t\t\t<\/div>\n\t\t\t\t<\/div>\n\t\t\t\t<\/div>\n\t\t","protected":false},"excerpt":{"rendered":"<p>S\u00fcrd\u00fcr\u00fclebilir Gelece\u011fe Katk\u0131m\u0131z: Mikrofilament \u00dcr\u00fcnler D\u00fcnya genelinde s\u00fcrd\u00fcr\u00fclebilirlik, art\u0131k sadece bir tercih de\u011fil, zorunluluk haline gelmi\u015ftir. Mikrofilament \u00fcr\u00fcnler \u00fcreticisi olarak, bu de\u011fi\u015fimin \u00f6n saflar\u0131nda yer al\u0131yor ve end\u00fcstriyel s\u00fcre\u00e7lerimizde \u00e7evresel etkileri minimize ederek \u00f6nemli bir rol \u00fcstleniyoruz. Yenilik\u00e7i \u00fcretim tekniklerimiz ve s\u00fcrd\u00fcr\u00fclebilir kaynak kullan\u0131m\u0131m\u0131zla, sekt\u00f6r\u00fcm\u00fczde \u00e7evresel bilinci art\u0131r\u0131yor ve gelecek nesillere daha ya\u015fanabilir bir d\u00fcnya [&hellip;]<\/p>\n","protected":false},"author":1,"featured_media":0,"parent":0,"menu_order":0,"comment_status":"closed","ping_status":"closed","template":"","meta":{"footnotes":""},"class_list":["post-953","page","type-page","status-publish","hentry"],"_links":{"self":[{"href":"https:\/\/asterionglobal.com\/index.php?rest_route=\/wp\/v2\/pages\/953","targetHints":{"allow":["GET"]}}],"collection":[{"href":"https:\/\/asterionglobal.com\/index.php?rest_route=\/wp\/v2\/pages"}],"about":[{"href":"https:\/\/asterionglobal.com\/index.php?rest_route=\/wp\/v2\/types\/page"}],"author":[{"embeddable":true,"href":"https:\/\/asterionglobal.com\/index.php?rest_route=\/wp\/v2\/users\/1"}],"replies":[{"embeddable":true,"href":"https:\/\/asterionglobal.com\/index.php?rest_route=%2Fwp%2Fv2%2Fcomments&post=953"}],"version-history":[{"count":10,"href":"https:\/\/asterionglobal.com\/index.php?rest_route=\/wp\/v2\/pages\/953\/revisions"}],"predecessor-version":[{"id":973,"href":"https:\/\/asterionglobal.com\/index.php?rest_route=\/wp\/v2\/pages\/953\/revisions\/973"}],"wp:attachment":[{"href":"https:\/\/asterionglobal.com\/index.php?rest_route=%2Fwp%2Fv2%2Fmedia&parent=953"}],"curies":[{"name":"wp","href":"https:\/\/api.w.org\/{rel}","templated":true}]}}